inder when 35 is divided by w?
11
Calculate the remainder when (0 - 1)/(7/(-189)) is divided by (-40)/28*(-7)/1.
7
Let w(c) = -11*c. Calculate the remainder when w(-5) is divided by 14.
13
Let h = 23 - 12. Suppose -2*o - 1 + 5 = 0. What is the remainder when (5/o)/((-1)/(-8)) is divided by h?
9
Suppose 131*m + 30 = 136*m. What is the remainder when 29 is divided by m?
5
Let y = -2 - -3. Let i(m) = m**3 + 5*m**2 - 8*m - 11. What is the remainder when i(-5) is divided by y/(-4) - (-82)/8?
9
Suppose 3*d + 32 = 7*d. Calculate the remainder when (2/3)/((-4)/(-78)) is divided by d.
5
Let f = 6 - -20. What is the remainder when f is divided by 18?
8
Let p(j) = 6*j + 14. Let a = -11 + 37. What is the remainder when p(6) is divided by a?
24
Calculate the remainder when ((-60)/2)/(15/(-40)) is divided by 21.
17
Let c(l) = 37*l - 1. Let r be c(3). Suppose 4*p + 5*y - r = 2*p, -3*p = y - 191. What is the remainder when p is divided by 17?
14
Let r(c) = 92*c**2 + 4*c + 2. What is the remainder when r(-1) is divided by 31?
28
Let x = -61 + 37. Let c be -12*54*9/x. What is the remainder when 1/(-5) + c/15 is divided by 9?
7
Let l = 9 - 10. Let h = 9 - l. Calculate the remainder when (-14)/((-2)/8*2) is divided by h.
8
Suppose -2*r + d + 13 = 0, -3*r + 37 = -7*d + 2*d. Suppose q = -0*k + 4*k + 2, -r*q + 71 = 5*k. What is the remainder when 27 is divided by q?
13
Let f be (-2)/(-3) - (-8)/(-12). Suppose f = -4*a + a + 6. Suppose -3*o = -4*k - 206, -a*o + 142 = -0*o + 2*k. Calculate the remainder when o is divided by 24.
22
Suppose -2*s + 24 = -5*s. Let i = s - -13. Suppose 3*z - 28 = i. What is the remainder when 20 is divided by z?
9
Calculate the remainder when 18 + (-3 + 3 - -1) is divided by 5.
4
Let x be 8/(-1)*15/6. Let u = x - -41. What is the remainder when u is divided by 6?
3
Let s = -4 + 0. Suppose 2*v + 0*v = 54. What is the remainder when v is divided by (-124)/(-9) - s/18?
13
What is the remainder when 4/(-8) + (-30)/(-4) is divided by 5?
2
Let c = -5 - -2. What is the remainder when 35 + (-6)/(-9)*c is divided by 17?
16
Let c(q) = -q**2 + 21. Suppose 3*j - 264 = -3*x, -x = -6*j + 3*j - 68. Calculate the remainder when x is divided by c(0).
20
Let d be 3/(-12) - 1179/(-12). Let z = d - 61. What is the remainder when 145 is divided by z?
34
Suppose -v - 2*o + 14 = -o, 5*o + 26 = 3*v. Calculate the remainder when 38 is divided by v.
2
Let f(m) = -m**3 + 4*m**2 + 5*m. Let l be f(5). Suppose y - 5 = 0, 4*b + 4*y + l*y - 52 = 0. Calculate the remainder when 15 is divided by b.
7
Suppose -5*r = 2*g - 59, -3*r + 23 = -0*g - 5*g. Calculate the remainder when 21 is divided by r.
10
Let z = 2 + -5. Calculate the remainder when 93/12 + z/4 is divided by 4.
3
Let x = 254 + -168. Calculate the remainder when x is divided by 264/(-42)*4/(40/(-35)).
20
Suppose -b + 83 = 3*t, -3*t - 6*b + 79 = -b. Calculate the remainder when 82 is divided by t.
26
Let v(j) = -3*j**3 + 22*j**2 - 28*j + 42. Let l(w) = w**3 - 7*w**2 + 9*w - 14. Let x(q) = -11*l(q) - 4*v(q). What is the remainder when 61 is divided by x(10)?
13
Suppose 2*c - 7*c = -35. Let m(k) = -k**3 + 8*k**2 + k - 8. Let u be m(c). Suppose -l - u = -5*l. What is the remainder when 23 is divided by l?
11
Let h = 60 - 29. What is the remainder when h is divided by 20?
11
Let h(w) = 5*w - 34. Let p(s) = -17*s - 1. Calculate the remainder when p(-1) is divided by h(8).
4
Let z(j) be the first derivative of 4*j**3/3 + j + 1. Suppose -5*w + 4*w - 3 = 0. What is the remainder when z(w) is divided by 13?
11
Let d be ((-6)/18)/(2/12). Let b(n) = 13*n**2 + 3*n + 3. What is the remainder when b(d) is divided by -34*2/(-8)*2?
15
Suppose -l = 4*v - 183, -2*v = l + l - 84. Calculate the remainder when 187 is divided by v.
46
Let y = 18 + -53. Calculate the remainder when 138 is divided by (y/14)/(2/(-28)).
33
Suppose -4 = 5*i - 19. What is the remainder when 9 is divided by i?
0
Let d(s) = -11*s + 3. What is the remainder when d(-4) is divided by 12?
11
Let i(x) = 2*x + 4. Let y be i(3). Let c be (-4)/(-3) - (-286)/33. Suppose c = 5*p - y. Calculate the remainder when 5 is divided by p.
1
Suppose c - 2*c = -13. Let r = c - 4. Let n(d) = -7*d + 3. Calculate the remainder when n(-3) is divided by r.
6
Suppose 7*f - 191 = 61. What is the remainder when 178 is divided by f?
34
Let t(n) = 3*n**2 - 7*n - 2. What is the remainder when 25 is divided by t(3)?
1
Let c(s) be the first derivative of 5*s**2/2 + 3*s - 6. Calculate the remainder when c(6) is divided by 9.
6
What is the remainder when (-1 - (0 - 1)) + 87 is divided by 45?
42
Let y = -20 + 72. Suppose r - o + 5*o = y, -r + 4*o = -52. Calculate the remainder when r is divided by 27.
25
Let t(j) = -3*j - 40. Calculate the remainder when 75 is divided by t(-17).
9
Suppose -35 = 2*n - 133. Calculate the remainder when 144 is divided by n.
46
What is the remainder when (45/10 - 4)*74 is divided by 5?
2
Suppose 0 = -4*j + 105 + 67. What is the remainder when j is divided by 23?
20
Let d be (-1)/5 + 136/5. Suppose -3*j = -5*l + d, -l - 9 = -2*l - 3*j. Let p = l - 4. Calculate the remainder when 3 is divided by p.
1
Suppose -3*a + 4 = -2. Let b = 4 - a. Suppose 3*q - b*s - 94 = 2*s, 2*s = 5*q - 180. What is the remainder when q is divided by 13?
12
Suppose 4*g = 5 + 3. Suppose j = 2*j + q - 20, -g*j = 5*q - 43. What is the remainder when 74 is divided by j?
17
Suppose -5*c - 52 - 3 = 0. Let d = 16 + c. Let t(r) = r**3 + 4*r**2 - 2*r - 1. Calculate the remainder when t(2) is divided by d.
4
Suppose 3*m + 8 = -m, -5*m = -3*s + 1. Suppose 176 = 3*f + f. Calculate the remainder when f is divided by (-2)/s*-3 + 17.
14
Let k = 78 - 16. Suppose 4*n - 3*y - 76 = 0, -2*n + y + 46 = 10. Calculate the remainder when k is divided by n.
14
Suppose -4*l = -2*l. Suppose 2*v - 33 - 147 = l. Calculate the remainder when v is divided by 23.
21
Let y = -5 + 14. What is the remainder when 33 is divided by y?
6
Let x = -5 + 14. What is the remainder when 15 + 1/((-3)/(-6)) is divided by x?
8
Let c(p) = p**3 + 2*p**2 - 3*p - 3. Let d be c(-3). Let v be 4 + d/(-6)*-2. Suppose v*o - 9 = 33. What is the remainder when o is divided by 8?
6
Suppose -x = 22 + 6. Let a(p) = p**3 + 5*p**2 - 6*p - 2. Let f be a(-6). Calculate the remainder when 27 is divided by ((-2)/(-2))/(f/x).
13
Suppose -2*r = 2*r - 4. Let l(y) = y + 13. What is the remainder when r/(-2) - (-41)/2 is divided by l(-6)?
6
Let y = 33 - 78. Suppose -162 - 218 = -5*a. Let l = a + y. Calculate the remainder when l is divided by 17.
14
Let o(y) = -6*y + 4. Calculate the remainder when o(-7) is divided by 24.
22
Let x = 8 + -4. Suppose -2*z + 2*s + 0*s - 50 = 0, 5*z + 98 = -x*s. Let u = 12 - z. What is the remainder when u is divided by 12?
10
Suppose 0 = -5*s - 3*j + 53, 0*s + 4*j + 6 = s. Calculate the remainder when 16 is divided by s.
6
Suppose -2*l + 5*t - 1 - 2 = 0, 10 = 5*l + 5*t. Suppose 2*k - m - 8 = 0, -4*k + m + 6 = -8. Let f = k - l. Calculate the remainder when 5 is divided by f.
1
Let r = 139 + -79. Suppose 2*f = 7*f - r. Calculate the remainder when 32 is divided by f.
8
Let a = -208 + 317. What is the remainder when a is divided by 37?
35
Let h = -8 + 16. Let f = h - 3. What is the remainder when f is divided by 2?
1
Let y(c) = 2*c**3 - 4*c**2 + 3*c. Let b = 5 + -3. Let n(r) = 2*r**3 - 3*r**2 - 3*r - 1. Calculate the remainder when n(3) is divided by y(b).
5
Suppose 3*g - 4*h - 14 = 0, g + 5*h - 12 = -1. What is the remainder when (-5 + g)/((-2)/(-50)) is divided by 13?
12
Let l(i) = 2*i + 21. Calculate the remainder when 16 is divided by l(-6).
7
Let i = -208 - -221. What is the remainder when 24 is divided by i?
11
Suppose 4*o = -2*x - 66, 0 = -5*x + o - 31 - 112. Let c = 41 - 58. Let m = c - x. What is the remainder when m is divided by 7?
5
Let a(w) = w**2 + 7*w + 6. Let c be a(-5). Let x(r) = r**3 + 3*r**2 - 5*r - 1. Calculate the remainder when x(c) is divided by (-1)/(-2*3/12).
1
Let p(s) = -s**3 - 3*s**2 + 3*s - 4. Let x be p(-4). Let d be 3 - (x - (1 + 50)). What is the remainder when d/10 - (-2)/(-5) is divided by 3?
2
Let c = 10 + 10. Let b be 4 - (1 + -5 + 4). Suppose -2*j - 2*z + 5 + 121 = 0, b*j - 242 = -2*z. Calculate the remainder when j is divided by c.
18
Let p(m) = -8*m - 16. Let j be p(-13). Suppose 3 = 3*l, -3